{"id":1251,"date":"2023-07-11T12:00:27","date_gmt":"2023-07-11T10:00:27","guid":{"rendered":"https:\/\/www.depiclinic.pl\/?post_type=product&#038;p=1251"},"modified":"2023-08-01T00:08:20","modified_gmt":"2023-07-31T22:08:20","slug":"depilacja-laserowa-letnia-przecena-oferta-booksy-mailing-pachy","status":"publish","type":"product","link":"https:\/\/www.depiclinic.pl\/en\/sklep\/depilacja-laserowa-letnia-przecena-oferta-booksy-mailing-pachy\/","title":{"rendered":"Depilacja Laserowa &#8211; Letnia Przecena- Oferta Booksy mailing &#8211; Pachy"},"content":{"rendered":"<p>Zabieg depilacji laserem diodowym &#8211; polega na eliminacji ow\u0142osienia z obu pach.<\/p>\n<p>Tylko do 31.07.2023 zap\u0142acisz <strong>TYLKO 69 z\u0142<\/strong>.<\/p>\n<p>PAMI\u0118TAJ! Czas na wykorzystanie kupionego zabiegu masz do ko\u0144ca wrze\u015bnia 2023 r.<\/p>\n<p><strong>Warunki przeceny wybranych zabieg\u00f3w:\u200b<\/strong><\/p>\n<ol>\n<li>Przecena dotyczy tylko zabieg\u00f3w depilacji laserowej podanych w ofercie na tej stronie.\u200b<\/li>\n<li>Przecena dotyczy zabieg\u00f3w wykonanych w gabinecie na <b>al. Jana Paw\u0142a II 80\/19 lub ul. Wo\u0142oskiej 16<\/b> w Warszawie<\/li>\n<li>Z kupionych zabieg\u00f3w mo\u017cna skorzysta\u0107 <b>TYLKO do ko\u0144ca wrze\u015bnia 2023 roku<\/b> &#8211; za niewykorzystane zabiegi po terminie 30.09.2023 r. nie realizujemy zwrot\u00f3w.<\/li>\n<li>Po um\u00f3wieniu terminu wizyty (maksymalnie do 30.09.2023) <b>nie mo\u017cna jej ANULOWA\u0106 oraz PRZEK\u0141ADA\u0106<\/b>. Anulowanie lub prze\u0142o\u017cenie wizyty jest r\u00f3wnoznaczne z rezygnacj\u0105 z zabiegu, za kt\u00f3ry nie realizujemy zwrot\u00f3w.\u200b<\/li>\n<\/ol>\n<p>Uwa\u017cnie przeczytaj powy\u017csze warunki przeceny i zr\u00f3b przemy\u015blane zakupy.<br \/>\nDokonanie zakupu w ofercie Letnie Przeceny &#8211; Oferta Booksy mailing jest r\u00f3wnoznaczne z akceptacj\u0105 powy\u017cszych warunk\u00f3w przeceny.<\/p>","protected":false},"excerpt":{"rendered":"<p>Zabieg depilacji laserem diodowym &#8211; polega na eliminacji ow\u0142osienia z obu pach. Tylko do 31.07.2023 zap\u0142acisz TYLKO 69 z\u0142. PAMI\u0118TAJ! Czas na wykorzystanie kupionego zabiegu masz do ko\u0144ca wrze\u015bnia 2023 r. Warunki przeceny wybranych zabieg\u00f3w:\u200b Przecena dotyczy tylko zabieg\u00f3w depilacji laserowej podanych w ofercie na tej stronie.\u200b Przecena dotyczy zabieg\u00f3w wykonanych w gabinecie na al. [&hellip;]<\/p>\n","protected":false},"featured_media":577,"template":"","meta":{"_acf_changed":false},"product_brand":[],"product_cat":[],"product_tag":[],"class_list":{"0":"post-1251","1":"product","2":"type-product","3":"status-publish","4":"has-post-thumbnail","7":"first","8":"instock","9":"virtual","10":"taxable","11":"purchasable","12":"product-type-simple"},"acf":[],"_links":{"self":[{"href":"https:\/\/www.depiclinic.pl\/en\/wp-json\/wp\/v2\/product\/1251","targetHints":{"allow":["GET"]}}],"collection":[{"href":"https:\/\/www.depiclinic.pl\/en\/wp-json\/wp\/v2\/product"}],"about":[{"href":"https:\/\/www.depiclinic.pl\/en\/wp-json\/wp\/v2\/types\/product"}],"wp:featuredmedia":[{"embeddable":true,"href":"https:\/\/www.depiclinic.pl\/en\/wp-json\/wp\/v2\/media\/577"}],"wp:attachment":[{"href":"https:\/\/www.depiclinic.pl\/en\/wp-json\/wp\/v2\/media?parent=1251"}],"wp:term":[{"taxonomy":"product_brand","embeddable":true,"href":"https:\/\/www.depiclinic.pl\/en\/wp-json\/wp\/v2\/product_brand?post=1251"},{"taxonomy":"product_cat","embeddable":true,"href":"https:\/\/www.depiclinic.pl\/en\/wp-json\/wp\/v2\/product_cat?post=1251"},{"taxonomy":"product_tag","embeddable":true,"href":"https:\/\/www.depiclinic.pl\/en\/wp-json\/wp\/v2\/product_tag?post=1251"}],"curies":[{"name":"wp","href":"https:\/\/api.w.org\/{rel}","templated":true}]}}

<p>Zabieg depilacji laserem diodowym &#8211; polega na eliminacji owłosienia z obu pach.</p>
<p>Tylko do 31.07.2023 zapłacisz <strong>TYLKO 69 zł</strong>.</p>
<p>PAMIĘTAJ! Czas na wykorzystanie kupionego zabiegu masz do końca września 2023 r.</p>
<p><strong>Warunki przeceny wybranych zabiegów:​</strong></p>
<ol>
<li>Przecena dotyczy tylko zabiegów depilacji laserowej podanych w ofercie na tej stronie.​</li>
<li>Przecena dotyczy zabiegów wykonanych w gabinecie na <b>al. Jana Pawła II 80/19 lub ul. Wołoskiej 16</b> w Warszawie</li>
<li>Z kupionych zabiegów można skorzystać <b>TYLKO do końca września 2023 roku</b> &#8211; za niewykorzystane zabiegi po terminie 30.09.2023 r. nie realizujemy zwrotów.</li>
<li>Po umówieniu terminu wizyty (maksymalnie do 30.09.2023) <b>nie można jej ANULOWAĆ oraz PRZEKŁADAĆ</b>. Anulowanie lub przełożenie wizyty jest równoznaczne z rezygnacją z zabiegu, za który nie realizujemy zwrotów.​</li>
</ol>
<p>Uważnie przeczytaj powyższe warunki przeceny i zrób przemyślane zakupy.<br />
Dokonanie zakupu w ofercie Letnie Przeceny &#8211; Oferta Booksy mailing jest równoznaczne z akceptacją powyższych warunków przeceny.</p>

<p>Zabieg depilacji laserem diodowym &#8211; polega na eliminacji owłosienia z obu pach. Tylko do 31.07.2023 zapłacisz TYLKO 69 zł. PAMIĘTAJ! Czas na wykorzystanie kupionego zabiegu masz do końca września 2023 r. Warunki przeceny wybranych zabiegów:​ Przecena dotyczy tylko zabiegów depilacji laserowej podanych w ofercie na tej stronie.​ Przecena dotyczy zabiegów wykonanych w gabinecie na al. [&hellip;]</p>
